e 0 = -3*z + 8 - 26. Let x be (-21)/28*16/z. Suppose 0 = -x*v + 1 + 19. What is the highest common divisor of 2 and v?
2
Let i = 122 - -86. Suppose -2*y + 448 = 4*x, 2*x + 4*y = -y + i. Suppose x = 4*r - 54. Calculate the highest common factor of r and 14.
14
Let k = 290 - 281. Calculate the highest common divisor of k and 9.
9
Let y = -184 + 303. What is the greatest common divisor of 14 and y?
7
Let k(w) = 13*w - 101. Let o be k(22). Calculate the greatest common factor of o and 148.
37
Let n(p) = -120*p + 77. Let l be n(-3). Calculate the highest common divisor of 23 and l.
23
Let c be (-2)/12 + (-50)/(-12). Let a(u) = -u**2 + 8*u - 10. Let d be a(c). Calculate the highest common divisor of d and 24.
6
Let u(v) = -16*v + 9. Let f be u(-4). Let i = -58 + f. What is the greatest common divisor of 3 and i?
3
Suppose 0 = -7*f + 18*f - 3300. What is the highest common factor of f and 12?
12
Let a be 294/28 - (-2)/4. Let p(b) = -a*b + 5*b - 3 + 3*b. Let z be p(-7). What is the greatest common factor of 54 and z?
18
Let c be 21/6*(1 - -1). Suppose -3*r + m + 15 = 4*m, r - 4*m = 0. Suppose -2*d - r*h = -h - 29, -4*h + 41 = 3*d. What is the highest common divisor of c and d?
7
Let n be 1/(-2) - (1925/10)/(-7). Calculate the highest common divisor of n and 153.
9
Suppose -5*c + 553 = 2*u, 3 - 2 = -c. Suppose -3*a + u = 4*z + 111, 248 = 5*a - 4*z. What is the greatest common divisor of a and 78?
26
Let h = 345 - 332. What is the highest common factor of 806 and h?
13
Let m = -5 - -11. Suppose -m*o = -o - 45. Suppose -o*w - 300 = -14*w. What is the greatest common divisor of 40 and w?
20
Suppose 20 = -4*z - 2*r - 36, 4*r = -2*z - 40. Let t(k) = 2*k - 11. Let m be t(z). Let x be (-4)/14 - 1690/m. Calculate the highest common divisor of x and 16.
16
Let j(k) = -k**2 - 2 + 20*k - 6*k - 2 - 7. Let g be j(13). Suppose -3*m = g*m - 1080. Calculate the highest common divisor of 27 and m.
27
Suppose -2*x + 24 = -4. Suppose 3*j = -c + 22, -3*c - x = -4*j + 11. Calculate the highest common factor of 7 and j.
7
Let q be 2/2*5 - 0. Suppose 0*k - q*o + 157 = 4*k, 0 = -5*k - 4*o + 194. Calculate the greatest common divisor of k and 19.
19
Suppose -5*l = -0*l + 30. Let a be (l/8)/(1/(-24)). Let x = a - 17. Calculate the greatest common divisor of x and 9.
1
Let o = -2 - -5. Suppose -8*i - 63 = -11*i. Suppose i*f - 25*f + 24 = 0. Calculate the highest common divisor of o and f.
3
Let h(p) = -2*p**3 - 9*p**2 - 10*p - 112. Let g be h(-8). What is the highest common factor of 32 and g?
32
Suppose -b - 2*b = 96. Let p = b - -68. Let a(i) = i**2 + 2*i + 1. Let x be a(-3). Calculate the greatest common factor of x and p.
4
Let r = 31 + -17. Let t(m) = -m**2 + 9*m - 10. Let i be t(7). Suppose 0 = -2*d + 4*d + i*u - r, u - 21 = -3*d. What is the highest common factor of 42 and d?
7
Suppose 4*u - 3*z + 6 = 13, 19 = u + 5*z. Suppose 0 = i - u*i. Suppose 3*w - 38 - 43 = i. What is the greatest common factor of w and 54?
27
Let k = 1010 + -952. What is the greatest common divisor of k and 464?
58
Suppose -5*s + 455 = 4*i - 3*i, 112 = s - 4*i. Calculate the greatest common divisor of 483 and s.
23
Suppose a = -3*w + 12, 4*w - 19 = -2*a + 3. Let n be 695/a + (-50)/225. Let g be (15 + -1)*1/2. Calculate the highest common factor of g and n.
7
Let v(t) = 2*t**3 - 12*t**2 + 3*t + 5. Let c be v(7). What is the greatest common factor of 279 and c?
31
Let o(p) = -p**3 - 42*p**2 - 47*p - 29. Let a be o(-41). Calculate the highest common factor of a and 1.
1
Let t(y) = 42*y**3 + 2*y**2 - 4*y - 6. Let l be t(2). What is the highest common factor of l and 30?
30
Let n = -371 - -373. Suppose d - 4*d + 66 = 0. Calculate the highest common factor of n and d.
2
Let t(y) = -8 - 8*y + 2 - 9*y + 23*y. Let c be t(4). What is the highest common divisor of c and 4?
2
Suppose -8*u - 6589 = -19005. Calculate the highest common divisor of 16 and u.
16
Suppose 3*v - 138 = 72. Suppose -b + 6*b = -3*y + 109, -7*b + 35 = 0. What is the highest common divisor of y and v?
14
Suppose -2*p + 132 = 5*s, 11*p + 27 = s + 12*p. Calculate the greatest common factor of s and 702.
26
Suppose 19*k + 560 = 39*k. What is the highest common divisor of k and 224?
28
Let p = -10 - -19. Calculate the greatest common divisor of 9 and p.
9
Let d = -282 - -529. What is the greatest common factor of 38 and d?
19
Let i(l) = -l**2 - 33*l - 59. Let n be i(-31). Suppose n*h - 9 = -6. Calculate the highest common divisor of h and 1.
1
Suppose 0 = 2*c - 4*c + 10. Let p be (37 + c)*-3*4/(-14). What is the highest common factor of p and 8?
4
Let y be (78/65)/((-6)/(-220)). Calculate the highest common divisor of 352 and y.
44
Let v(y) = 13*y + 53. Let r be v(7). Let w be (r/15)/((-5)/(-25)). What is the highest common factor of 36 and w?
12
Let m(b) = 33*b + 52. Let x(n) = -100*n - 158. Let t(p) = -16*m(p) - 5*x(p). Let s be t(-8). What is the highest common factor of 14 and s?
14
Let n be 6 + (-203)/35 + (-39)/(-5). What is the greatest common factor of n and 24?
8
Let b = -65 - -252. Let s be (-2)/(-1 - 414/(-426)). Suppose -s = -4*d - 3. What is the highest common divisor of b and d?
17
Let o be ((-84)/5)/((-40)/100). Calculate the greatest common divisor of o and 14.
14
Suppose -10 + 45 = 3*s - 2*f, 3*s = -3*f + 45. What is the highest common divisor of s and 871?
13
Let w = -41 - -15. Let v = -2 - w. Calculate the greatest common divisor of v and 8.
8
Let p = -127 - -134. Suppose 0 = -w + 3, 3*b - 3*w + 289 = p*b. Let r = 30 - 16. Calculate the highest common divisor of r and b.
14
Let z be 0/(-1 + 0 - 0). Let u = 188 + -182. Suppose 3*m = -2*x + 87, -2*m + 16 - u = z. What is the greatest common factor of 90 and x?
18
Suppose -36*a + 59*a = 1104. What is the highest common factor of 640 and a?
16
Suppose 122*o - 126*o - 32 = 0. Let x be (-46)/o + 18/(-24). Calculate the highest common divisor of 5 and x.
5
Let a(h) = -2*h**2 + h + 9. Let x be a(3). Let t be (x/8)/1*-216 + 3. What is the greatest common factor of t and 15?
15
Suppose -193 = -13*x - 76. Let j = 0 + 63. What is the highest common factor of j and x?
9
Let i be 2 - -1 - (-2 + 3). Suppose i*o = 44 + 68. Calculate the highest common factor of 14 and o.
14
Let y(f) = f**3 - 33*f**2 + 26*f + 54. Let t be y(33). Calculate the highest common divisor of t and 57.
57
Let x(i) = 2*i**2 - 2*i - 1. Let h = 4 + 1. Suppose -h*d + l + 0*l = -19, 5*d + 5*l = -5. Let q be x(d). What is the greatest common factor of q and 11?
11
Let f be ((-12)/4 + 5)/(2 - 1). Suppose -3*v - f*b = -455, -5*b - 418 - 51 = -3*v. What is the greatest common divisor of v and 17?
17
Suppose -3*z = -4*s + 134, 4*s - 30*z - 144 = -32*z. What is the highest common factor of s and 175?
35
Let p = -45 + 62. Suppose 19*d = p*d + 368. Calculate the highest common factor of d and 23.
23
Let j(u) = u + 56. Let d be j(0). Suppose -142*n - 380 = -1516. What is the highest common divisor of d and n?
8
Let b = 1527 + -1311. What is the greatest common factor of b and 24?
24
Let x = -44 - -65. What is the highest common factor of 63 and x?
21
Let r be (189/2)/(-7)*(-84)/9. Calculate the highest common factor of 36 and r.
18
Let a be ((-426)/(-30) - 10) + (-4)/(-5). Let l be 4/(-6)*((-473)/22 + a). Let r = -74 + 151. What is the greatest common factor of r and l?
11
Suppose -7 = v - 21. Let s be 18/9 + (-1 - 1). Suppose 3*f + 8*f - 462 = s. Calculate the highest common divisor of v and f.
14
Suppose n - 9 = 4*n. Let t be n/(-4) - (-9)/(-12). Suppose 5*q - 25 = t, 4*q + 782 = 4*w + 2*q. Calculate the greatest common divisor of w and 18.
18
Let v be (14/5)/((5 - 18)/(-5135)). Calculate the greatest common divisor of 42 and v.
14
Suppose -l - v - 2 - 2 = 0, -8 = 4*v. Let c be 111 + (-6)/l + 1. Calculate the highest common factor of 46 and c.
23
Let h be 48/8 - (-2 - -6). Calculate the greatest common factor of h and 38.
2
Let r(y) = -3*y - 12. Let s be r(-17). Let n be (-3)/(-6)*(-1 - 79). Let a = n - -66. What is the highest common factor of s and a?
13
Suppose -1217 = -14*r + 841. Calculate the highest common divisor of r and 42.
21
Let b(d) = -d + 7. Let f be b(10). Let x be (108 - -1) + (f - -4). Suppose 9*l = 28 + 62. Calculate the greatest common factor of l and x.
10
Let w be (-1 - -20) + -1 + 1. Let r = -122 + 40